(base 16) to base 8
-5033
What is 30a (base 16) in base 14?
3d8
Convert 691b (base 14) to base 8.
43515
-185 (base 10) to base 5
-1220
What is -4ab9 (base 16) in base 11?
-13410
What is -258 (base 11) in base 15?
-155
486 (base 14) to base 8
1606
What is 33b (base 13) in base 9?
678
284 (base 14) to base 11
422
-10b0c (base 13) to base 2
-111011011100000
Convert -197 (base 10) to base 9.
-238
What is -1155 (base 6) in base 9?
-348
What is 700 (base 15) in base 2?
11000100111
Convert 41e (base 15) to base 2.
1110100001
11310130 (base 4) to base 13
ab07
Convert -1211120 (base 3) to base 11.
-1007
What is -1002110 (base 3) in base 16?
-31b
Convert -4429 (base 10) to base 15.
-14a4
1101101101110001 (base 2) to base 14
16689
-41417 (base 8) to base 6
-211251
What is -7276 (base 12) in base 7?
-51240
-220011 (base 3) to base 14
-348
241 (base 16) to base 11
485
Convert -32f (base 16) to base 4.
-30233
-2790a (base 11) to base 5
-2232243
Convert 448 (base 9) to base 8.
560
What is -154e (base 16) in base 2?
-1010101001110
-100100001100 (base 2) to base 15
-a46
2443 (base 6) to base 9
740
-8e (base 15) to base 8
-206
-100120002 (base 3) to base 4
-1230320
-14212 (base 6) to base 15
-9e5
What is 202022 (base 3) in base 14?
2b2
35c0 (base 15) to base 7
45216
7034 (base 16) to base 14
a67a
What is 5484 (base 9) in base 11?
3048
Convert 167 (base 9) to base 6.
354
What is -216 (base 16) in base 15?
-259
Convert -77772 (base 8) to base 14.
-bd22
What is -1023201 (base 4) in base 13?
-227a
110111010100000 (base 2) to base 9
42756
2121212 (base 3) to base 15
878
What is 191 (base 11) in base 12?
165
Convert 11150 (base 9) to base 4.
1303320
What is 10010100011 (base 2) in base 6?
5255
Convert 7459 (base 13) to base 14.
5c41
3a216 (base 12) to base 2
10011011110110010
Convert -32123 (base 5) to base 15.
-993
Convert -644 (base 12) to base 3.
-1020221
d19 (base 14) to base 7
10332
Convert 564 (base 7) to base 5.
2131
555 (base 12) to base 10
785
What is 4105 (base 8) in base 5?
31432
440 (base 15) to base 5
12320
3069 (base 10) to base 14
1193
Convert -4636 (base 9) to base 2.
-110101101011
What is -3618 (base 9) in base 4?
-222002
What is 1220200 (base 3) in base 10?
1395
Convert 1000121 (base 3) to base 10.
745
Convert 66a1 (base 16) to base 3.
1100001002
What is 2a7 (base 11) in base 12?
25b
What is 45433 (base 6) in base 2?
1100100011101
What is 9907 (base 13) in base 6?
242341
What is -6034 (base 10) in base 5?
-143114
113525 (base 6) to base 11
74a6
What is 1100111111 (base 2) in base 15?
3a6
-540 (base 10) to base 9
-660
What is 3020 (base 4) in base 10?
200
Convert -474f (base 16) to base 8.
-43517
What is -2121210 (base 3) in base 4?
-131313
-89 (base 15) to base 11
-108
122200 (base 3) to base 6
2113
What is -445 (base 9) in base 8?
-555
-1236 (base 11) to base 13
-970
Convert 1114 (base 10) to base 15.
4e4
What is -163 (base 10) in base 2?
-10100011
Convert -111111101001 (base 2) to base 6.
-30505
-1011110100 (base 2) to base 14
-3c0
21224 (base 5) to base 2
10110011111
19aa (base 11) to base 16
9ec
What is -6552 (base 9) in base 15?
-166b
What is -853 (base 9) in base 15?
-316
-50826 (base 9) to base 13
-12312
What is 413 (base 8) in base 5?
2032
-212101 (base 3) to base 7
-1561
Convert 517 (base 10) to base 16.
205
-2177 (base 8) to base 12
-7bb
109 (base 15) to base 3
22200
What is -111020 (base 4) in base 15?
-602
What is -122011 (base 3) in base 13?
-298
Convert 3 (base 4) to base 15.
3
Convert 130214 (base 5) to base 15.
1774
Convert 986 (base 10) to base 2.
1111011010
What is -24230 (base 5) in base 15?
-810
-19cf (base 16) to base 10
-6607
-10220 (base 4) to base 8
-450
-2355 (base 8) to base 9
-1651
95a (base 15) to base 13
c64
-198 (base 12) to base 3
-100122
-695 (base 10) to base 6
-3115
Convert -11120 (base 5) to base 11.
-654
Convert -12122 (base 4) to base 13.
-257
Convert 10110100100 (base 2) to base 12.
a04
What is -73c0 (base 15) in base 13?
-b1b1
10102000000 (base 3) to base 4
100113330
345e (base 16) to base 4
3101132
-24cb (base 14) to base 3
-22211221
What is 222211111 (base 3) in base 7?
111013
What is -5105 (base 12) in base 2?
-10001001010101
What is 60a8 (base 11) in base 10?
8104
What is -1ee3 (base 15) in base 11?
-5076
-1431 (base 5) to base 12
-181
Convert 21028 (base 10) to base 2.
101001000100100
What is 21 (base 10) in base 7?
30
Convert 122001120 (base 3) to base 5.
344220
Convert -101031 (base 5) to base 10.
-3266
Convert -175 (base 14) to base 8.
-453
What is -1635 (base 13) in base 10?
-3255
Convert 2120212120 (base 3) to base 13.
1a253
What is -33a7 (base 14) in base 7?
-35100
What is ca76 (base 13) in base 12?
1435b
Convert -a0 (base 14) to base 13.
-aa
3031000 (base 4) to base 2
11001101000000
-21b80 (base 13) to base 12
-2b56a
Convert 1772 (base 13) to base 8.
6621
Convert 3502 (base 9) to base 13.
1247
11b53 (base 14) to base 3
2012112000
1021 (base 7) to base 9
437
Convert 1601 (base 7) to base 2.
1001111110
What is -2a4 (base 13) in base 3?
-122111
-221021 (base 3) to base 14
-36a
6131 (base 7) to base 8
4121
1df (base 16) to base 8
737
Convert -2449 (base 10) to base 16.
-991
What is -bd6 (base 16) in base 13?
-14c1
Convert -888 (base 9) to base 3.
-222222
What is -434351 (base 6) in base 4?
-20302123
Convert -24aa (base 12) to base 11.
-3144
-4433 (base 5) to base 11
-512
What is -101100001011110 (base 2) in base 4?
-11201132
What is 1781 (base 12) in base 10?
2833
Convert fb9 (base 16) to base 14.
1677
Convert 13178 (base 10) to base 13.
5cc9
454 (base 9) to base 8
565
What is 2a63 (base 11) in base 3?
12101222
166 (base 15) to base 16
141
-1020020 (base 3) to base 6
-4053
What is -111021 (base 3) in base 14?
-1b8
Convert 13725 (base 12) to base 9.
40872
Convert f3b (base 16) to base 10.
3899
What is 32531 (base 13) in base 12?
44782
Convert -35994 (base 10) to base 11.
-25052
37230 (base 9) to base 14
915d
What is 11101111 (base 2) in base 16?
ef
-451 (base 9) to base 14
-1c6
What is 100111100110011 (base 2) in base 4?
10330303
Convert -1101100011 (base 2) to base 7.
-2346
504 (base 11) to base 2
1001100001
Convert -317 (base 13) to base 7.
-1352
Convert -29d (base 15) to base 10.
-598
Convert 12221012 (base 3) to base 8.
10345
-21454 (base 11) to base 16
-79b4
9b (base 12) to base 11
a9
Convert -166342 (base 8) to base 12.
-2b116
What is 960 (base 10) in base 4?
33000
What is -1a78 (base 12) in base 6?
-23032
Convert 102430 (base 6) to base 16.
20b2
Convert 84 (base 11) to base 13.
71
Convert -1000110111000 (base 2) to base 4.
-1012320
Convert -23 (base 6) to base 14.
-11
-1103333 (base 4) to base 7
-21446
What is 101011222 (base 3) in base 15?
22ee
Convert -9840 (base 10) to base 14.
-382c
-5e5c (base 16) to base 5
-1233111
43a6 (base 11) to base 6
42511
Convert 1450 (base 9) to base 5.
13343
What is 85a (base 13) in base 5?
21202
Convert 51261 (base 10) to base 9.
77276
302044 (base 5) to base 11
7282
2614 (base 14) to base 8
15032
What is -1100010 (base 2) in base 14?
-70
-2520 (base 6) to base 8
-1160
Convert ab8 (base 13) to base 3.
2112012
-102202202 (base 3) to base 4
-2012003
Convert 611 (base 11) to base 8.
1342
Convert 1325 (base 8) to base 5.
10400
What is 22331 (base 7) in base 14?
20c1
What is 8582 (base 12) in base 2?
11100100110010
Convert -976 (base 10) to base 13.
-5a1
What is -1304 (base 5) in base 2?
-11001100
Convert b84 (base 12) to base 4.
122110
Convert 17667 (base 12) to base 8.
101757
Convert 1636 (base 10) to base 6.
11324
What is -241213 (base 5) in base 2?
-10001011100101
6a7 (base 15) to base 6
10551
-42022 (base 5) to base 11
-2091
What is 1189 (base 14) in base 10?
3061
What is -22112 (base 4) in base 6?
-3022
2e7 (base 15) to base 9
821
What is -4246 (base 9) in base 16?
-c30
-1100220 (base 3) to base 7
-2622
Convert 44a8 (base 13) to base 7.
36665
What is 211 (base 6) in base 12?
67
What is -3665 (base 8) in base 5?
-30343
Convert -11011021110 (base 3) to base 12.
-3b449
What is -101100010 (base 2) in base 3?
-111010
-1707 (base 11) to base 10
-2185
What is -2b3 (base 16) in base 3?
-221121
Convert -769 (base 14) to base 6.
-10441
What is -81 (base 16) in base 9?
-153
-2133210 (base 4) to base 10
-10212
What is 1656 (base 7) in base 16?
2a6
What is -5141 (base 8) 